{"id":6,"date":"2020-05-07T21:53:59","date_gmt":"2020-05-07T21:53:59","guid":{"rendered":"http:\/\/magister.inf.udec.cl\/?page_id=6"},"modified":"2022-11-21T21:37:37","modified_gmt":"2022-11-21T21:37:37","slug":"informacion","status":"publish","type":"page","link":"https:\/\/magister.inf.udec.cl\/","title":{"rendered":"INFORMACI\u00d3N GENERAL"},"content":{"rendered":"\n<p>El Programa de\u00a0<strong><a href=\"https:\/\/fi.udec.cl\/postgrados\/magister-en-ciencias-de-la-computacion\/\">Mag\u00edster en Ciencias de la Computaci\u00f3n<\/a><\/strong>\u00a0tiene como objetivo formar investigadores con conocimientos avanzados en ciencias de la computaci\u00f3n, que puedan desarrollar tanto investigaci\u00f3n b\u00e1sica como aplicada y transferir resultados al sector productivo, tanto privado como p\u00fablico.<\/p>\n\n\n\n<p>En el siguiente documento puede ver m\u00e1s informaci\u00f3n sobre el programa: <a href=\"http:\/\/magister.inf.udec.cl\/wp-content\/uploads\/2022\/11\/Charla_Difusion2022.pdf\" data-type=\"URL\" data-id=\"http:\/\/magister.inf.udec.cl\/wp-content\/uploads\/2022\/11\/Charla_Difusion2022.pdf\">http:\/\/magister.inf.udec.cl\/wp-content\/uploads\/2022\/11\/Charla_Difusion2022.pdf<\/a><\/p>\n\n\n\n<p>Puede acceder a la \u00faltima charla de difusi\u00f3n del programa en el siguiente link: <a href=\"https:\/\/youtu.be\/hxUhdJLezTg\">https:\/\/youtu.be\/hxUhdJLezTg<\/a><\/p>\n\n\n\n<h3>Objetivos<\/h3>\n\n\n\n<ul><li>Proporcionar al estudiante conocimientos fundamentales de teor\u00eda de computaci\u00f3n, algoritmos y estructuras de datos.<\/li><li>Permitir al estudiante especializarse en al menos una de las l\u00edneas de investigaci\u00f3n del Programa.<\/li><li>Desarrollar en el estudiante la capacidad de aplicar los conocimientos y m\u00e9todos de ciencias de la computaci\u00f3n a problemas complejos.<\/li><li>Fomentar en el estudiante habilidades de autoaprendizaje, pensamiento cr\u00edtico, \u00e9tica profesional y comunicaci\u00f3n efectiva.<\/li><\/ul>\n\n\n\n<h3>Perfil<\/h3>\n\n\n\n<p>Los graduados del programa tendr\u00e1n las competencias para participar en proyectos de investigaci\u00f3n y desarrollo, resolviendo problemas complejos a trav\u00e9s de la comprensi\u00f3n de m\u00e9todos y tecnolog\u00edas modernas de las ciencias de la computaci\u00f3n. Esto abarca tem\u00e1ticas de especializaci\u00f3n que incluyen, en forma no exclusiva, estructuras de datos y algoritmos, teor\u00eda de computaci\u00f3n, recuperaci\u00f3n de informaci\u00f3n y data mining, aprendizaje automatizado, bases de datos espaciales y espacio-temporales, entre otros.<\/p>\n\n\n\n<p>Los graduados del programa adquieren una formaci\u00f3n que les permite:<\/p>\n\n\n\n<ul><li>Mostrar conocimientos avanzados en Ciencias de la Computaci\u00f3n, centr\u00e1ndose en al menos una l\u00ednea de investigaci\u00f3n del programa sustentada sobre conocimientos fundamentales de teor\u00eda de computaci\u00f3n, algoritmos y estructuras de datos.<\/li><li>Identificar y resolver problemas complejos utilizando el m\u00e9todo cient\u00edfico y aplicando avances en una l\u00ednea de especializaci\u00f3n.<\/li><li>Identificar oportunidades y nichos de investigaci\u00f3n y\/o de transferencia tecnol\u00f3gica en base al conocimiento adquirido en una l\u00ednea de especializaci\u00f3n.<\/li><li>Evaluar en forma cr\u00edtica y aut\u00f3noma resultados y productos cient\u00edficos en un marco de compromiso \u00e9tico.<\/li><li>Comunicar efectivamente y organizar conocimiento adquirido desde m\u00faltiples fuentes de informaci\u00f3n cient\u00edfico-tecnol\u00f3gica.<\/li><\/ul>\n\n\n\n<h3>L\u00edneas de Especializaci\u00f3n<\/h3>\n\n\n\n<ul><li>La l\u00ednea de&nbsp;<strong>Sistemas de Informaci\u00f3n<\/strong>&nbsp;contempla temas relacionados con la adquisici\u00f3n, procesamiento, almacenamiento, gesti\u00f3n y distribuci\u00f3n de informaci\u00f3n de manera que pueda ser le\u00edda por computadores, humanos o ambos.<\/li><li>La l\u00ednea de&nbsp;<strong>Teor\u00eda y M\u00e9todos de Computaci\u00f3n<\/strong>&nbsp;estudia qu\u00e9 puede ser computado, qu\u00e9 cantidad de recursos son requeridos para ejecutar tales c\u00f3mputos de manera eficiente, y c\u00f3mo computar en forma eficiente.<\/li><li>La l\u00ednea de&nbsp;<strong>Sistemas Inteligentes<\/strong>&nbsp;estudia los fundamentos, dise\u00f1o y desarrollo de sistemas que utilizan modelos y t\u00e9cnicas de Inteligencia Artificial para resolver problemas inform\u00e1ticos complejos y aplicaciones en diversas \u00e1reas.<\/li><\/ul>\n\n\n\n<h3>Car\u00e1cter del Programa<\/h3>\n\n\n\n<p>El Programa de Mag\u00edster en Ciencias de la Computaci\u00f3n es de car\u00e1cter <strong>acad\u00e9mico<\/strong>, de <strong>dedicaci\u00f3n exclusiva<\/strong>, lo que se sustenta en los requisitos para la obtenci\u00f3n del grado. Los estudiantes deben acreditar su formaci\u00f3n en un \u00e1rea espec\u00edfica a trav\u00e9s de la aprobaci\u00f3n de asignaturas b\u00e1sicas (obligatorias) y de especializaci\u00f3n (electivas), el desarrollo de una tesis de grado y la difusi\u00f3n de su contribuci\u00f3n cient\u00edfica. Para esto debe acreditar<strong> al menos una publicaci\u00f3n enviada<\/strong> a una revista o conferencia (con comit\u00e9 evaluador) de reconocido prestigio que debe ser aprobada por el Comit\u00e9 de Programa.<\/p>\n\n\n\n<h3>Enlaces a Sitios de Inter\u00e9s:<\/h3>\n\n\n\n<ul><li><a href=\"http:\/\/postgrado.udec.cl\/\">http:\/\/postgrado.udec.cl\/<\/a> (Sitio web general de la direcci\u00f3n de postgrado)<\/li><li><a rel=\"noreferrer noopener\" href=\"https:\/\/postgrado.udec.cl\/?q=node\/17&amp;codigo=4171&amp;acreditado=1\" target=\"_blank\">https:\/\/postgrado.udec.cl\/?q=node\/17&amp;codigo=4171&amp;acreditado=1<\/a>&nbsp;(Sitio web del Programa, en el portal de Postgrado)<\/li><li><a href=\"https:\/\/fi.udec.cl\/postgrados\/magister-en-ciencias-de-la-computacion\/\">https:\/\/fi.udec.cl\/postgrados\/magister-en-ciencias-de-la-computacion\/<\/a> (Sitio web del programa en el portal de la Facultad de Ingenier\u00eda)<\/li><li><a href=\"http:\/\/doctorado.inf.udec.cl\/\">http:\/\/doctorado.inf.udec.cl\/<\/a> (Sitio web del Programa de Doctorado en Ciencias de la Computaci\u00f3n)<\/li><\/ul>\n\n\n\n<p><\/p>\n","protected":false},"excerpt":{"rendered":"<p>El Programa de\u00a0Mag\u00edster en Ciencias de la Computaci\u00f3n\u00a0tiene como objetivo formar investigadores con conocimientos avanzados en ciencias de la computaci\u00f3n, que puedan desarrollar tanto investigaci\u00f3n&hellip;<\/p>\n","protected":false},"author":1,"featured_media":0,"parent":0,"menu_order":0,"comment_status":"closed","ping_status":"closed","template":"","meta":[],"_links":{"self":[{"href":"https:\/\/magister.inf.udec.cl\/index.php\/wp-json\/wp\/v2\/pages\/6"}],"collection":[{"href":"https:\/\/magister.inf.udec.cl\/index.php\/wp-json\/wp\/v2\/pages"}],"about":[{"href":"https:\/\/magister.inf.udec.cl\/index.php\/wp-json\/wp\/v2\/types\/page"}],"author":[{"embeddable":true,"href":"https:\/\/magister.inf.udec.cl\/index.php\/wp-json\/wp\/v2\/users\/1"}],"replies":[{"embeddable":true,"href":"https:\/\/magister.inf.udec.cl\/index.php\/wp-json\/wp\/v2\/comments?post=6"}],"version-history":[{"count":17,"href":"https:\/\/magister.inf.udec.cl\/index.php\/wp-json\/wp\/v2\/pages\/6\/revisions"}],"predecessor-version":[{"id":321,"href":"https:\/\/magister.inf.udec.cl\/index.php\/wp-json\/wp\/v2\/pages\/6\/revisions\/321"}],"wp:attachment":[{"href":"https:\/\/magister.inf.udec.cl\/index.php\/wp-json\/wp\/v2\/media?parent=6"}],"curies":[{"name":"wp","href":"https:\/\/api.w.org\/{rel}","templated":true}]}}