{"id":249,"date":"2021-12-17T16:47:29","date_gmt":"2021-12-17T16:47:29","guid":{"rendered":"http:\/\/magister.inf.udec.cl\/?page_id=249"},"modified":"2021-12-17T23:27:29","modified_gmt":"2021-12-17T23:27:29","slug":"planta-academica-del-programa","status":"publish","type":"page","link":"https:\/\/magister.inf.udec.cl\/index.php\/planta-academica-del-programa\/","title":{"rendered":"PLANTA ACAD\u00c9MICA"},"content":{"rendered":"\n<h2>Claustro (gu\u00eda de tesis):<\/h2>\n\n\n\n<figure class=\"wp-block-table alignwide\"><table><tbody><tr><td class=\"has-text-align-center\" data-align=\"center\"><strong>Acad\u00e9mico(a)<\/strong><\/td><td class=\"has-text-align-center\" data-align=\"center\"><strong>L\u00ednea de Investigaci\u00f3n<\/strong><\/td><td class=\"has-text-align-center\" data-align=\"center\"><strong>P\u00e1gina Web<\/strong><\/td><td class=\"has-text-align-center\" data-align=\"center\"><strong>Correo Electr\u00f3nico<\/strong><\/td><\/tr><tr><td class=\"has-text-align-center\" data-align=\"center\">Ma. Andrea Rodr\u00edguez<\/td><td class=\"has-text-align-center\" data-align=\"center\">Teor\u00eda de la Computaci\u00f3n<\/td><td class=\"has-text-align-center\" data-align=\"center\"><\/td><td class=\"has-text-align-center\" data-align=\"center\"><img loading=\"lazy\" width=\"450\" height=\"60\" class=\"wp-image-265\" style=\"width: 200px;\" src=\"http:\/\/magister.inf.udec.cl\/wp-content\/uploads\/2021\/12\/andrea.png\" alt=\"\" srcset=\"https:\/\/magister.inf.udec.cl\/wp-content\/uploads\/2021\/12\/andrea.png 450w, https:\/\/magister.inf.udec.cl\/wp-content\/uploads\/2021\/12\/andrea-300x40.png 300w\" sizes=\"(max-width: 450px) 100vw, 450px\" \/><\/td><\/tr><tr><td class=\"has-text-align-center\" data-align=\"center\">Cecilia Hern\u00e1ndez<\/td><td class=\"has-text-align-center\" data-align=\"center\">Sistemas de Informaci\u00f3n<\/td><td class=\"has-text-align-center\" data-align=\"center\"><\/td><td class=\"has-text-align-center\" data-align=\"center\"><img loading=\"lazy\" width=\"450\" height=\"60\" class=\"wp-image-264\" style=\"width: 200px;\" src=\"http:\/\/magister.inf.udec.cl\/wp-content\/uploads\/2021\/12\/cecilia.png\" alt=\"\" srcset=\"https:\/\/magister.inf.udec.cl\/wp-content\/uploads\/2021\/12\/cecilia.png 450w, https:\/\/magister.inf.udec.cl\/wp-content\/uploads\/2021\/12\/cecilia-300x40.png 300w\" sizes=\"(max-width: 450px) 100vw, 450px\" \/><\/td><\/tr><tr><td class=\"has-text-align-center\" data-align=\"center\">Guillermo Cabrera<\/td><td class=\"has-text-align-center\" data-align=\"center\">Sistemas Inteligentes<\/td><td class=\"has-text-align-center\" data-align=\"center\"><\/td><td class=\"has-text-align-center\" data-align=\"center\"><img loading=\"lazy\" width=\"450\" height=\"60\" class=\"wp-image-263\" style=\"width: 200px;\" src=\"http:\/\/magister.inf.udec.cl\/wp-content\/uploads\/2021\/12\/guillermo.png\" alt=\"\" srcset=\"https:\/\/magister.inf.udec.cl\/wp-content\/uploads\/2021\/12\/guillermo.png 450w, https:\/\/magister.inf.udec.cl\/wp-content\/uploads\/2021\/12\/guillermo-300x40.png 300w\" sizes=\"(max-width: 450px) 100vw, 450px\" \/><\/td><\/tr><tr><td class=\"has-text-align-center\" data-align=\"center\">Jos\u00e9 Fuentes<\/td><td class=\"has-text-align-center\" data-align=\"center\">Sistemas de Informaci\u00f3n<\/td><td class=\"has-text-align-center\" data-align=\"center\"><a rel=\"noreferrer noopener\" href=\"http:\/\/josefuentes.cl\/\" target=\"_blank\">P\u00e1gina Web Persona<\/a><a href=\"http:\/\/josefuentes.cl\/\" target=\"_blank\" rel=\"noreferrer noopener\">l<\/a><\/td><td class=\"has-text-align-center\" data-align=\"center\"><img loading=\"lazy\" width=\"450\" height=\"60\" class=\"wp-image-262\" style=\"width: 200px;\" src=\"http:\/\/magister.inf.udec.cl\/wp-content\/uploads\/2021\/12\/jose.png\" alt=\"\" srcset=\"https:\/\/magister.inf.udec.cl\/wp-content\/uploads\/2021\/12\/jose.png 450w, https:\/\/magister.inf.udec.cl\/wp-content\/uploads\/2021\/12\/jose-300x40.png 300w\" sizes=\"(max-width: 450px) 100vw, 450px\" \/><\/td><\/tr><tr><td class=\"has-text-align-center\" data-align=\"center\">Julio Aracena<\/td><td class=\"has-text-align-center\" data-align=\"center\">Teor\u00eda de la Computaci\u00f3n<\/td><td class=\"has-text-align-center\" data-align=\"center\"><\/td><td class=\"has-text-align-center\" data-align=\"center\"><img loading=\"lazy\" width=\"450\" height=\"60\" class=\"wp-image-261\" style=\"width: 200px;\" src=\"http:\/\/magister.inf.udec.cl\/wp-content\/uploads\/2021\/12\/jaracena.png\" alt=\"\" srcset=\"https:\/\/magister.inf.udec.cl\/wp-content\/uploads\/2021\/12\/jaracena.png 450w, https:\/\/magister.inf.udec.cl\/wp-content\/uploads\/2021\/12\/jaracena-300x40.png 300w\" sizes=\"(max-width: 450px) 100vw, 450px\" \/><\/td><\/tr><tr><td class=\"has-text-align-center\" data-align=\"center\">Julio Godoy<\/td><td class=\"has-text-align-center\" data-align=\"center\">Sistemas Inteligentes<\/td><td class=\"has-text-align-center\" data-align=\"center\"><\/td><td class=\"has-text-align-center\" data-align=\"center\"><img loading=\"lazy\" width=\"450\" height=\"60\" class=\"wp-image-260\" style=\"width: 200px;\" src=\"http:\/\/magister.inf.udec.cl\/wp-content\/uploads\/2021\/12\/jugodoy.png\" alt=\"\" srcset=\"https:\/\/magister.inf.udec.cl\/wp-content\/uploads\/2021\/12\/jugodoy.png 450w, https:\/\/magister.inf.udec.cl\/wp-content\/uploads\/2021\/12\/jugodoy-300x40.png 300w\" sizes=\"(max-width: 450px) 100vw, 450px\" \/><\/td><\/tr><tr><td class=\"has-text-align-center\" data-align=\"center\">Lilian Salinas<\/td><td class=\"has-text-align-center\" data-align=\"center\">Teor\u00eda de la Computaci\u00f3n<\/td><td class=\"has-text-align-center\" data-align=\"center\"><\/td><td class=\"has-text-align-center\" data-align=\"center\"><img loading=\"lazy\" width=\"450\" height=\"60\" class=\"wp-image-259\" style=\"width: 200px;\" src=\"http:\/\/magister.inf.udec.cl\/wp-content\/uploads\/2021\/12\/lilian.png\" alt=\"\" srcset=\"https:\/\/magister.inf.udec.cl\/wp-content\/uploads\/2021\/12\/lilian.png 450w, https:\/\/magister.inf.udec.cl\/wp-content\/uploads\/2021\/12\/lilian-300x40.png 300w\" sizes=\"(max-width: 450px) 100vw, 450px\" \/><\/td><\/tr><tr><td class=\"has-text-align-center\" data-align=\"center\">Mario Lillo<\/td><td class=\"has-text-align-center\" data-align=\"center\">Sistemas de Informaci\u00f3n<\/td><td class=\"has-text-align-center\" data-align=\"center\"><\/td><td class=\"has-text-align-center\" data-align=\"center\"><img loading=\"lazy\" width=\"450\" height=\"60\" class=\"wp-image-257\" style=\"width: 200px;\" src=\"http:\/\/magister.inf.udec.cl\/wp-content\/uploads\/2021\/12\/mario.png\" alt=\"\" srcset=\"https:\/\/magister.inf.udec.cl\/wp-content\/uploads\/2021\/12\/mario.png 450w, https:\/\/magister.inf.udec.cl\/wp-content\/uploads\/2021\/12\/mario-300x40.png 300w\" sizes=\"(max-width: 450px) 100vw, 450px\" \/><\/td><\/tr><tr><td class=\"has-text-align-center\" data-align=\"center\">Miguel Figueroa<\/td><td class=\"has-text-align-center\" data-align=\"center\">Sistemas de Informaci\u00f3n<\/td><td class=\"has-text-align-center\" data-align=\"center\"><a href=\"https:\/\/scholar.google.com\/citations?user=tRxVpaUAAAAJ&amp;hl=en\" target=\"_blank\" rel=\"noreferrer noopener\">Google Scholar<\/a><\/td><td class=\"has-text-align-center\" data-align=\"center\"><img loading=\"lazy\" width=\"450\" height=\"60\" class=\"wp-image-258\" style=\"width: 200px;\" src=\"http:\/\/magister.inf.udec.cl\/wp-content\/uploads\/2021\/12\/miguel.png\" alt=\"\" srcset=\"https:\/\/magister.inf.udec.cl\/wp-content\/uploads\/2021\/12\/miguel.png 450w, https:\/\/magister.inf.udec.cl\/wp-content\/uploads\/2021\/12\/miguel-300x40.png 300w\" sizes=\"(max-width: 450px) 100vw, 450px\" \/><\/td><\/tr><tr><td class=\"has-text-align-center\" data-align=\"center\">Pablo Aqueveque<\/td><td class=\"has-text-align-center\" data-align=\"center\">Sistemas Inteligentes<\/td><td class=\"has-text-align-center\" data-align=\"center\"><\/td><td class=\"has-text-align-center\" data-align=\"center\"><img loading=\"lazy\" width=\"450\" height=\"60\" class=\"wp-image-256\" style=\"width: 200px;\" src=\"http:\/\/magister.inf.udec.cl\/wp-content\/uploads\/2021\/12\/pablo.png\" alt=\"\" srcset=\"https:\/\/magister.inf.udec.cl\/wp-content\/uploads\/2021\/12\/pablo.png 450w, https:\/\/magister.inf.udec.cl\/wp-content\/uploads\/2021\/12\/pablo-300x40.png 300w\" sizes=\"(max-width: 450px) 100vw, 450px\" \/><\/td><\/tr><tr><td class=\"has-text-align-center\" data-align=\"center\">Pamela Guevara<\/td><td class=\"has-text-align-center\" data-align=\"center\">Sistemas Inteligentes<\/td><td class=\"has-text-align-center\" data-align=\"center\"><\/td><td class=\"has-text-align-center\" data-align=\"center\"><img loading=\"lazy\" width=\"450\" height=\"60\" class=\"wp-image-255\" style=\"width: 200px;\" src=\"http:\/\/magister.inf.udec.cl\/wp-content\/uploads\/2021\/12\/pamela.png\" alt=\"\" srcset=\"https:\/\/magister.inf.udec.cl\/wp-content\/uploads\/2021\/12\/pamela.png 450w, https:\/\/magister.inf.udec.cl\/wp-content\/uploads\/2021\/12\/pamela-300x40.png 300w\" sizes=\"(max-width: 450px) 100vw, 450px\" \/><\/td><\/tr><tr><td class=\"has-text-align-center\" data-align=\"center\">Pierluigi Cerulo<\/td><td class=\"has-text-align-center\" data-align=\"center\">Sistemas Inteligentes<\/td><td class=\"has-text-align-center\" data-align=\"center\"><a href=\"https:\/\/fi.udec.cl\/academicos\/pierluigi-cerulo\/\" target=\"_blank\" rel=\"noreferrer noopener\">P\u00e1gina Web Institucional<\/a><\/td><td class=\"has-text-align-center\" data-align=\"center\"><img loading=\"lazy\" width=\"450\" height=\"60\" class=\"wp-image-270\" style=\"width: 200px;\" src=\"http:\/\/magister.inf.udec.cl\/wp-content\/uploads\/2021\/12\/pierluigi.png\" alt=\"\" srcset=\"https:\/\/magister.inf.udec.cl\/wp-content\/uploads\/2021\/12\/pierluigi.png 450w, https:\/\/magister.inf.udec.cl\/wp-content\/uploads\/2021\/12\/pierluigi-300x40.png 300w\" sizes=\"(max-width: 450px) 100vw, 450px\" \/><\/td><\/tr><tr><td class=\"has-text-align-center\" data-align=\"center\">Roberto As\u00edn<\/td><td class=\"has-text-align-center\" data-align=\"center\">Teor\u00eda de la Computaci\u00f3n<\/td><td class=\"has-text-align-center\" data-align=\"center\"><a href=\"https:\/\/scholar.google.com\/citations?user=UOOmJCQAAAAJ&amp;hl=es\" target=\"_blank\" rel=\"noreferrer noopener\">Google Scholar<\/a><\/td><td class=\"has-text-align-center\" data-align=\"center\"><img loading=\"lazy\" width=\"450\" height=\"60\" class=\"wp-image-271\" style=\"width: 200px;\" src=\"http:\/\/magister.inf.udec.cl\/wp-content\/uploads\/2021\/12\/roberto.png\" alt=\"\" srcset=\"https:\/\/magister.inf.udec.cl\/wp-content\/uploads\/2021\/12\/roberto.png 450w, https:\/\/magister.inf.udec.cl\/wp-content\/uploads\/2021\/12\/roberto-300x40.png 300w\" sizes=\"(max-width: 450px) 100vw, 450px\" \/><\/td><\/tr><\/tbody><\/table><\/figure>\n\n\n\n<h2>Profesores colaboradores:<\/h2>\n\n\n\n<figure class=\"wp-block-table alignwide\"><table><tbody><tr><td class=\"has-text-align-center\" data-align=\"center\"><strong>Acad\u00e9mico(a)<\/strong><\/td><td class=\"has-text-align-center\" data-align=\"center\"><strong>L\u00ednea de Investigaci\u00f3n<\/strong><\/td><td class=\"has-text-align-center\" data-align=\"center\"><strong><strong>P\u00e1gina Web<\/strong><\/strong><\/td><td class=\"has-text-align-center\" data-align=\"center\"><strong>Correo Electr\u00f3nico<\/strong><\/td><\/tr><tr><td class=\"has-text-align-center\" data-align=\"center\">Christopher Thraves<\/td><td class=\"has-text-align-center\" data-align=\"center\">Teor\u00eda de la Computaci\u00f3n<\/td><td class=\"has-text-align-center\" data-align=\"center\"><a href=\"https:\/\/www.ing-mat.udec.cl\/~cthraves\/\" target=\"_blank\" rel=\"noreferrer noopener\">P\u00e1gina Web Personal<\/a><\/td><td class=\"has-text-align-center\" data-align=\"center\"><img loading=\"lazy\" width=\"450\" height=\"60\" class=\"wp-image-273\" style=\"width: 200px;\" src=\"http:\/\/magister.inf.udec.cl\/wp-content\/uploads\/2021\/12\/christopher.png\" alt=\"\" srcset=\"https:\/\/magister.inf.udec.cl\/wp-content\/uploads\/2021\/12\/christopher.png 450w, https:\/\/magister.inf.udec.cl\/wp-content\/uploads\/2021\/12\/christopher-300x40.png 300w\" sizes=\"(max-width: 450px) 100vw, 450px\" \/><\/td><\/tr><tr><td class=\"has-text-align-center\" data-align=\"center\">Gonzalo Rojas<\/td><td class=\"has-text-align-center\" data-align=\"center\">Sistemas de Informaci\u00f3n<\/td><td class=\"has-text-align-center\" data-align=\"center\"><\/td><td class=\"has-text-align-center\" data-align=\"center\"><img loading=\"lazy\" width=\"450\" height=\"60\" class=\"wp-image-274\" style=\"width: 200px;\" src=\"http:\/\/magister.inf.udec.cl\/wp-content\/uploads\/2021\/12\/gonzalo-1.png\" alt=\"\" srcset=\"https:\/\/magister.inf.udec.cl\/wp-content\/uploads\/2021\/12\/gonzalo-1.png 450w, https:\/\/magister.inf.udec.cl\/wp-content\/uploads\/2021\/12\/gonzalo-1-300x40.png 300w\" sizes=\"(max-width: 450px) 100vw, 450px\" \/><\/td><\/tr><tr><td class=\"has-text-align-center\" data-align=\"center\">Pedro Pinacho<\/td><td class=\"has-text-align-center\" data-align=\"center\">Sistemas Inteligentes<\/td><td class=\"has-text-align-center\" data-align=\"center\"><\/td><td class=\"has-text-align-center\" data-align=\"center\"><img loading=\"lazy\" width=\"450\" height=\"60\" class=\"wp-image-253\" style=\"width: 200px;\" src=\"http:\/\/magister.inf.udec.cl\/wp-content\/uploads\/2021\/12\/pedro.png\" alt=\"\" srcset=\"https:\/\/magister.inf.udec.cl\/wp-content\/uploads\/2021\/12\/pedro.png 450w, https:\/\/magister.inf.udec.cl\/wp-content\/uploads\/2021\/12\/pedro-300x40.png 300w\" sizes=\"(max-width: 450px) 100vw, 450px\" \/><\/td><\/tr><\/tbody><\/table><\/figure>\n\n\n\n<p><\/p>\n","protected":false},"excerpt":{"rendered":"<p>Claustro (gu\u00eda de tesis): Acad\u00e9mico(a) L\u00ednea de Investigaci\u00f3n P\u00e1gina Web Correo Electr\u00f3nico Ma. Andrea Rodr\u00edguez Teor\u00eda de la Computaci\u00f3n Cecilia Hern\u00e1ndez Sistemas de Informaci\u00f3n Guillermo&hellip;<\/p>\n","protected":false},"author":1,"featured_media":0,"parent":0,"menu_order":0,"comment_status":"closed","ping_status":"closed","template":"","meta":[],"_links":{"self":[{"href":"https:\/\/magister.inf.udec.cl\/index.php\/wp-json\/wp\/v2\/pages\/249"}],"collection":[{"href":"https:\/\/magister.inf.udec.cl\/index.php\/wp-json\/wp\/v2\/pages"}],"about":[{"href":"https:\/\/magister.inf.udec.cl\/index.php\/wp-json\/wp\/v2\/types\/page"}],"author":[{"embeddable":true,"href":"https:\/\/magister.inf.udec.cl\/index.php\/wp-json\/wp\/v2\/users\/1"}],"replies":[{"embeddable":true,"href":"https:\/\/magister.inf.udec.cl\/index.php\/wp-json\/wp\/v2\/comments?post=249"}],"version-history":[{"count":24,"href":"https:\/\/magister.inf.udec.cl\/index.php\/wp-json\/wp\/v2\/pages\/249\/revisions"}],"predecessor-version":[{"id":293,"href":"https:\/\/magister.inf.udec.cl\/index.php\/wp-json\/wp\/v2\/pages\/249\/revisions\/293"}],"wp:attachment":[{"href":"https:\/\/magister.inf.udec.cl\/index.php\/wp-json\/wp\/v2\/media?parent=249"}],"curies":[{"name":"wp","href":"https:\/\/api.w.org\/{rel}","templated":true}]}}